ber?
False
Is 5275913 composite?
True
Is 1301119 a composite number?
False
Is 3909179 a composite number?
False
Is 44640797 composite?
False
Is 4348871 a prime number?
False
Is 52718735 prime?
False
Is 6649849 composite?
False
Is 210070131 prime?
False
Is 68325242 composite?
True
Is 965711 composite?
False
Is 10626145 composite?
True
Is 29344061 a prime number?
True
Is 12612679 composite?
False
Is 10234723 composite?
True
Is 119980783 a composite number?
True
Is 5466539 prime?
False
Is 4128511 composite?
False
Is 58971527 a composite number?
False
Is 63260653 a composite number?
True
Is 4730789 composite?
True
Is 48970139 a composite number?
False
Is 141426091 prime?
True
Is 3783539 prime?
True
Is 1417253 prime?
True
Is 26876047 a composite number?
True
Is 49329879 a composite number?
True
Is 24887431 a prime number?
True
Is 15026846 composite?
True
Is 485131 prime?
True
Is 1856483 prime?
False
Is 14289017 a composite number?
True
Is 18233959 composite?
True
Is 24057317 composite?
True
Is 73647166 a prime number?
False
Is 4898917 prime?
True
Is 91997 a composite number?
False
Is 39418557 a prime number?
False
Is 688988153 composite?
True
Is 10218707 a composite number?
False
Is 5090219 a prime number?
True
Is 172800481 composite?
True
Is 13119059 a composite number?
False
Is 1791701 composite?
False
Is 495337 prime?
True
Is 154756741 prime?
True
Is 19256813 a prime number?
False
Is 1730299 composite?
False
Is 21945367 prime?
True
Is 13720867 prime?
False
Is 64235674 composite?
True
Is 27349071 prime?
False
Is 8603927 a prime number?
True
Is 1174949 prime?
True
Is 525017627 a composite number?
False
Is 14278433 composite?
True
Is 14264629 composite?
True
Is 132003637 a prime number?
False
Is 369241487 prime?
False
Is 18266335 a prime number?
False
Is 205842506 prime?
False
Is 2320291 a composite number?
False
Is 2958793 composite?
False
Is 73627247 a composite number?
False
Is 1339651 prime?
False
Is 4194445 a composite number?
True
Is 273092467 a composite number?
False
Is 3506687 prime?
True
Is 2102999 prime?
True
Is 7047221 prime?
False
Is 141622441 a composite number?
True
Is 39865087 a composite number?
False
Is 24607607 a prime number?
True
Is 1902002 a prime number?
False
Is 972611 a prime number?
True
Is 2121659931 a composite number?
True
Is 332411 composite?
False
Is 2786843 a composite number?
False
Is 49742677 a composite number?
False
Is 5551969 a composite number?
True
Is 649923 composite?
True
Is 607681 prime?
True
Is 104719229 prime?
False
Is 3286922 composite?
True
Is 248837833 a composite number?
True
Is 25876219 a prime number?
False
Is 78924649 a prime number?
True
Is 711673 a prime number?
False
Is 6741121 a prime number?
False
Is 5468363 a prime number?
True
Is 616723421 prime?
False
Is 1540531 a composite number?
True
Is 145348631 composite?
True
Is 23117953 a composite number?
False
Is 23278403 a composite number?
False
Is 23940089 prime?
True
Is 731611 composite?
False
Is 766721 a composite number?
False
Is 4974055 prime?
False
Is 9766093 a composite number?
True
Is 658544491 a prime number?
False
Is 117370969 composite?
False
Is 235166917 a composite number?
False
Is 197678549 composite?
True
Is 4985177 a composite number?
False
Is 45031477 prime?
True
Is 1155097 a prime number?
True
Is 849197 a composite number?
False
Is 414457489 a prime number?
False
Is 61009955 composite?
True
Is 2791937 composite?
False
Is 5267963 a prime number?
False
Is 1788047 a composite number?
True
Is 2347409 a prime number?
True
Is 845893 prime?
True
Is 22644431 a prime number?
False
Is 24401249 prime?
True
Is 15545417 a prime number?
True
Is 10771399 prime?
False
Is 44867359 a prime number?
False
Is 514612939 prime?
True
Is 45685169 a composite number?
False
Is 2623991 a prime number?
True
Is 16719251 a prime number?
True
Is 1551266 prime?
False
Is 819061 a composite number?
False
Is 118195061 a prime number?
True
Is 6211193 a composite number?
True
Is 116083063 a prime number?
True
Is 180295793 composite?
True
Is 112678679 composite?
True
Is 3620489 prime?
True
Is 96671 prime?
True
Is 294369611 a composite number?
False
Is 8234977 prime?
True
Is 405188218 a prime number?
False
Is 16855411 composite?
True
Is 1620161 a composite number?
False
Is 35992039 composite?
True
Is 2575817 a prime number?
True
Is 2915503 composite?
True
Is 21596951 composite?
False
Is 19538809 prime?
True
Is 8221823 a prime number?
True
Is 2415167 a composite number?
False
Is 364550593 a prime number?
False
Is 29342311 composite?
True
Is 5558297 composite?
False
Is 2736169247 a prime number?
False
Is 331171277 a prime number?
True
Is 2158223 prime?
True
Is 1480393 prime?
True
Is 6696413 composite?
True
Is 31050391 composite?
True
Is 716761 composite?
True
Is 129278939 a prime number?
True
Is 11706973 a prime number?
False
Is 3341801 a prime number?
True
Is 4436111 a composite number?
False
Is 1192013 a prime number?
True
Is 140728001 a prime number?
False
Is 91465891 a prime number?
False
Is 9037857 composite?
True
Is 6262643 composite?
False
Is 243543299 composite?
False
Is 24067457 a composite number?
True
Is 176829391 composite?
False
Is 10338673 a composite number?
False
Is 68627477 composite?
False
Is 402739 prime?
True
Is 2417641 a composite number?
True
Is 900394511 a composite number?
True
Is 433913709 a composite number?
True
Is 14283083 a prime number?
True
Is 631032031 a prime number?
False
Is 6278782 composite?
True
Is 45332629 composite?
False
Is 1397351 prime?
False
Is 165830263 a prime number?
False
Is 32596391 a prime number?
True
Is 48216611 a composite number?
True
Is 134262097 a composite number?
True
Is 6924193 a prime number?
True
Is 251014 a prime number?
False
Is 12738779 prime?
True
Is 160976201 a composite number?
True
Is 495058303 a prime number?
True
Is 102667 a composite number?
False
Is 115543 a composite number?
True
Is 28381841 a prime number?
True
Is 55515209 a prime number?
False
Is 118743743 a composite number?
True
Is 2045947 a composite number?
True
Is 38107177 a prime number?
False
Is 1076941 composite?
True
Is 5873233 composite?
True
Is 1989551 prime?
True
Is 20908603 prime?
True
Is 149855479 composite?
True
Is 79909069 prime?
False
Is 77905913 a composite number?
True
Is 59840351 composite?
False
Is 278199049 a prime number?
True
Is 2819017 prime?
False
Is 150005083 composite?
False
Is 8379251 composite?
True
Is 1316831 a composite number?
False
Is 7150579 a prime number?
False
Is 2054803 a composite number?
True
Is 41642011 composite?
True
Is 13314571 a prime number?
True
Is 2217971 prime?
False
Is 63734629 prime?
False
Is 7099627 a prime number?
True
Is 15266791 prime?
True
Is 5703461 composite?
True
Is 26160335 prime?
False
Is 2920633 a prime number?
True
Is 65275187 composite?
False
Is 964927 a composite number?
False
Is 8552101 prime?
True
Is 108108919 prime?
False
Is 1514027 a composite number?
False
Is 676807 a prime number?
True
Is 88371997 a composite number?
True
Is 194616079 a composite number?
True
Is 283364491 composite?
True
Is 1359539 a prime number?
False
Is 49023127 a prime number?
False
Is 1284169 a prime number?
True
Is 290791 composite?
False
Is 19629563 prime?
True
Is 3574343 prime?
True
Is 6254585 a prime number?
False
Is 4185851 composite?
False
Is 38013011 composite?
True
Is 5725241 prime?
True
Is 639028529 composite?
False
Is 157427909 composite?
False
Is 34399727 a prime number?
True
Is 5928451 a prime number?
True
Is 392355515 a composite number?
True
Is 4940987 a composite number?
True
Is 1829119 a prime number?
True
Is 11282519 composite?
False
Is 261557 prime?
True
Is 293633 a composite number?
False
Is 799804939 composite?
False
Is 11483639 a prime number?
True
Is 30507641 a prime number?
True
Is 384817 composite?
False
Is 49743935 a composite number?
True
Is 43931795 a prime number?
False
Is 36009713 a prime number?
True
Is 1648039 composite?
False
Is 1711741 prime?
False
Is 16269259 a prime number?
True
Is 1119449 a prime number?
True
Is 1066858033 prime?
True
Is 308923 prime?
True
Is 94591 composite?
True
Is 67207 a composite number?
True
Is 344039 a prime number?
True
Is 49508321 a composite number?
False
Is 3110489 prime?
True
Is 10665149 a prime number?
False
Is 470501 prime?
True
Is 16